of 13803 and 2354?
107
What is the highest common factor of 475 and 1725?
25
What is the highest common divisor of 7176 and 702?
78
What is the greatest common factor of 13750 and 198?
22
Calculate the greatest common divisor of 950810 and 5.
5
Calculate the greatest common factor of 5700 and 36300.
300
What is the greatest common factor of 1397640 and 5?
5
Calculate the highest common factor of 12650 and 2585.
55
Calculate the highest common factor of 404 and 367034.
202
Calculate the greatest common factor of 393356 and 232.
116
What is the highest common divisor of 1067 and 2813?
97
What is the greatest common divisor of 16644 and 38?
38
Calculate the highest common factor of 10 and 6815.
5
What is the greatest common divisor of 4239 and 459?
27
What is the greatest common divisor of 191 and 15089?
191
Calculate the greatest common divisor of 181271 and 17.
17
Calculate the highest common factor of 1020 and 2355.
15
What is the greatest common divisor of 55853 and 224?
7
Calculate the greatest common divisor of 376 and 33135.
47
Calculate the greatest common divisor of 1141 and 387451.
163
What is the greatest common factor of 757726 and 4994?
454
What is the highest common divisor of 1184 and 256?
32
What is the highest common divisor of 1384509 and 21?
21
Calculate the highest common divisor of 248750 and 375.
125
Calculate the highest common factor of 156 and 450762.
78
What is the greatest common factor of 48 and 76740?
12
What is the highest common divisor of 18 and 94329?
9
What is the greatest common divisor of 10827 and 4010?
401
What is the greatest common factor of 2475813 and 808?
101
Calculate the highest common factor of 589040 and 1184.
592
Calculate the greatest common divisor of 2329 and 8768.
137
What is the highest common divisor of 226 and 83846?
226
Calculate the greatest common divisor of 483 and 588.
21
Calculate the highest common divisor of 6216 and 1533.
21
What is the highest common factor of 608 and 4997?
19
What is the greatest common factor of 17385 and 2445?
15
Calculate the highest common divisor of 1872 and 24684.
12
What is the highest common divisor of 48203 and 57?
19
What is the highest common divisor of 14541 and 296?
37
What is the greatest common divisor of 50 and 49190?
10
What is the greatest common divisor of 1826 and 94786?
166
What is the highest common divisor of 8200 and 130?
10
Calculate the greatest common divisor of 7138084 and 1676.
1676
What is the highest common divisor of 164634 and 552?
138
What is the greatest common factor of 44216 and 8?
8
Calculate the greatest common factor of 1436 and 38413.
359
What is the greatest common factor of 10395 and 108?
27
Calculate the greatest common factor of 192162 and 24.
6
What is the highest common factor of 69673 and 722?
361
Calculate the highest common factor of 705 and 18048.
141
Calculate the highest common factor of 3812003 and 3783.
1261
What is the greatest common divisor of 274 and 529642?
274
What is the highest common factor of 940 and 52080?
20
What is the highest common factor of 387452 and 52?
52
What is the highest common factor of 545 and 152491?
109
What is the greatest common factor of 64 and 2312?
8
What is the greatest common factor of 25477 and 115170?
349
Calculate the highest common divisor of 348 and 114666.
174
What is the highest common divisor of 51 and 55471?
17
What is the highest common divisor of 58770 and 10?
10
Calculate the highest common factor of 1745 and 44672.
349
Calculate the highest common divisor of 94874 and 3026.
178
What is the greatest common divisor of 120 and 19340?
20
Calculate the greatest common divisor of 297993 and 51.
51
What is the greatest common divisor of 12543 and 1443?
111
Calculate the highest common factor of 44124 and 300.
12
Calculate the highest common factor of 488 and 137372.
244
Calculate the greatest common factor of 9048 and 629928.
312
What is the greatest common factor of 36 and 3198825?
9
What is the highest common divisor of 57312 and 7200?
288
Calculate the greatest common factor of 1311884 and 84.
28
What is the highest common factor of 260 and 10520?
20
What is the highest common divisor of 46 and 87492?
46
Calculate the highest common divisor of 1130 and 56387.
113
What is the greatest common factor of 5109 and 1521?
39
Calculate the greatest common divisor of 288561 and 728.
91
Calculate the highest common factor of 49 and 2001503.
49
Calculate the highest common divisor of 130610 and 185.
185
What is the greatest common divisor of 50649 and 3?
3
Calculate the highest common factor of 68 and 57103.
17
Calculate the greatest common divisor of 34973 and 123.
41
What is the highest common divisor of 149937 and 920?
23
Calculate the highest common divisor of 770 and 2794.
22
Calculate the highest common divisor of 22015 and 465.
5
What is the highest common divisor of 112 and 175712?
16
Calculate the highest common divisor of 772 and 297606.
386
Calculate the highest common divisor of 100 and 1495480.
20
What is the greatest common divisor of 8675 and 2225?
25
Calculate the greatest common factor of 166929 and 21.
21
Calculate the greatest common divisor of 1120 and 308960.
160
What is the greatest common factor of 15480 and 3546210?
1290
Calculate the greatest common factor of 825664 and 456.
152
Calculate the highest common factor of 83365 and 35.
5
What is the greatest common factor of 370 and 2150?
10
What is the greatest common factor of 94457 and 186?
31
Calculate the greatest common factor of 5561 and 26228.
83
What is the greatest common factor of 125 and 6275?
25
Calculate the highest common divisor of 520520 and 168.
56
Calculate the highest common divisor of 96 and 2423712.
96
Calculate the highest common factor of 1976 and 6840.
152
What is the greatest common divisor of 34923 and 63?
21
What is the greatest common divisor of 178 and 13265806?
178
Calculate the greatest common divisor of 41244 and 84.
84
Calculate the greatest common divisor of 11079 and 63.
9
What is the greatest common factor of 77341 and 22?
11
What is the greatest common factor of 62084 and 4316?
332
What is the highest common divisor of 136 and 325550?
34
What is the highest common factor of 21675 and 36703?
289
Calculate the greatest common factor of 392 and 161336.
56
Calculate the highest common factor of 10 and 3851390.
10
Calculate the highest common divisor of 1310 and 29868.
262
Calculate the greatest common factor of 604 and 37599.
151
What is the greatest common factor of 7667 and 510901?
697
What is the greatest common factor of 165 and 106205?
55
Calculate the highest common factor of 840 and 1274600.
40
Calculate the greatest common factor of 255 and 697595.
85
What is the highest common divisor of 69264 and 288?
144
Calculate the greatest common divisor of 5664 and 960.
96
What is the greatest common factor of 1688 and 846954?
422
Calculate the greatest common divisor of 7124 and 16988.
548
Calculate the greatest common factor of 14255 and 105.
5
Calculate the highest common divisor of 95732 and 182.
182
Calculate the highest common factor of 881496 and 77.
77
What is the greatest common divisor of 217587 and 174?
87
What is the highest common divisor of 840 and 2040?
120
Calculate the highest common factor of 350 and 9650.
50
Calculate the greatest common factor of 383554 and 203.
29
What is the greatest common factor of 23430 and 4290?
330
What is the greatest common divisor of 68796 and 994?
14
What is the greatest common factor of 1 and 622351?
1
What is the highest common factor of 769220 and 40?
20
What is the highest common divisor of 108 and 3249?
9
Calculate the highest common divisor of 230 and 391690.
230
What is the highest common divisor of 1422407 and 28?
7
Calculate the highest common divisor of 2347636 and 4.
4
Calculate the greatest common divisor of 25263 and 126.
63
What is the greatest common divisor of 800 and 944?
16
Calculate the highest common divisor of 64 and 4166144.
64
What is the highest common factor of 3649 and 80893?
41
Calculate the greatest common factor of 38387 and 299.
23
Calculate the highest common factor of 10871 and 28.
7
Calculate the highest common divisor of 980 and 6580.
140
Calculate the highest common factor of 266145 and 132.